. Let y(v) = 331*v + 2328. What is the remainder when y(-7) is divided by t(8)?
1
Let h(l) = l**2 - 2*l - 1341. What is the remainder when 4236 is divided by h(-36)?
24
Suppose -b + 5*a = -1940, -3908 = 5*b - 7*b - 4*a. Suppose 0*s - 10*s + b = 0. What is the remainder when s is divided by 51?
42
Let a be ((-100)/14)/(-5)*7. Suppose 4*x - 4*y - 384 = 0, -2*x + 212 = a*y - 8*y. What is the remainder when x is divided by 57?
44
Let t be 15/(-12) + (-2216)/(-32). Suppose 0 = t*p - 63*p - 150. What is the remainder when 42/2*(7 + 0) is divided by p?
27
Suppose 5*c - 674 = 4*x, 3*x - c + 511 = -0*x. Calculate the remainder when x/(-3) - 6/6 is divided by 28.
0
Let q = 10 + -11. Suppose 210 = 9*o - 2*o. What is the remainder when o is divided by ((-1)/q)/((-2)/(-34))?
13
Suppose -3*l = -3, 2*m = -5*l - 5 - 10. Calculate the remainder when 53 is divided by (-1)/(3/(-2) - -2) - m.
5
Let j(p) = 187*p - 13252. Calculate the remainder when j(161) is divided by 28.
27
Suppose -3*t - 105 = -4*o - 359, -6 = 3*t. Let q = -11 + 27. What is the remainder when 10/o*1 - 3180/(-52) is divided by q?
13
Let i = 19 + 2. Suppose -6*a = 2*a. Suppose -o - 119 = -3*o - t, a = 2*o - 3*t - 131. Calculate the remainder when o is divided by i.
19
Let x(q) = -q**3 - 163*q**2 + 135*q - 3582. Calculate the remainder when x(-164) is divided by 383.
25
Suppose -4*m = -h + 71, 5*h + 7*m - 2*m - 430 = 0. Let b(g) = 55*g - 177. What is the remainder when h is divided by b(4)?
40
Let w = 5425 + -5345. What is the remainder when w is divided by 37?
6
Let d(a) = 43*a**2 + 21*a - 16. What is the remainder when d(-3) is divided by 103?
102
Let y = -60 + 346. Let t = -277 + y. What is the remainder when (-6)/(-4) - (-58)/4 is divided by t?
7
Suppose -14*w + 640 = -4*x - 158, 5*x = 2*w - 83. What is the remainder when 1232 is divided by w?
52
Suppose -7*d + 6*d - 10 = -2*d. Suppose -5*k - 2*g + 25 + 59 = 0, 3*g + 99 = 5*k. Let s = k + d. What is the remainder when 80 is divided by s?
24
What is the remainder when (41574/(-615))/((-16)/170) + (-3)/(-4) is divided by 360?
359
Let o(f) = 32*f - 810. Suppose 5*z + 7*z = 204. What is the remainder when o(29) is divided by z?
16
Suppose 6*c - 3*h = c - 439, 5*c - h = -433. Suppose -88*i + 71*i + 1768 = 0. Let f = i + c. Calculate the remainder when 32 is divided by f.
14
Let h = -31 + 56. Let q(k) = -283*k - 1. Let v be q(1). Let c = -185 - v. Calculate the remainder when c is divided by h.
24
Let v = 59 + -59. Suppose -17 - 3 = -5*d, 4*z - 3*d - 160 = v. Calculate the remainder when z is divided by 17.
9
Calculate the remainder when ((5 - 7) + 1)*(-1737)/3 is divided by 347.
232
Suppose 12*u + 150 = 2*u. What is the remainder when -1 + -1 + (-2 - -79) is divided by 15 - 20/u*3?
18
Let q(k) = 2*k**2 + 12*k - 29. Let m = 283 - 206. Calculate the remainder when m is divided by q(3).
2
Let k(s) = 18*s + 1. Let c = -19 - -23. What is the remainder when k(c) is divided by ((-69)/15 + 5)*40 + -1?
13
Let b be (152/(-40) - -3)*-70. Suppose -s - 242 = -4*n, -2*s + b = 44*n - 43*n. What is the remainder when 298 is divided by n?
58
Suppose -11 = 6*d - 47. Let b(k) = -k**3 + 4*k**2 + k - 1. Let i be b(4). Suppose i*n + 2*n - 80 = 0. What is the remainder when n is divided by d?
4
Calculate the remainder when (1/2)/((-127)/(-150114)) is divided by 50.
41
Suppose 3*m + 2*g = 333, -m = -2*g + g - 106. Let w = m - 79. Let i(z) = 2*z**2 + 4. Calculate the remainder when w is divided by i(2).
6
Suppose 4*n - 2668 = -4*v, 572*v = 570*v + 4. Calculate the remainder when n is divided by 25.
15
What is the remainder when 617 is divided by (-2 - (-8)/2 - (-396)/(-330))*20?
9
Let o(i) = 6*i**2 + 57*i - 81. What is the remainder when o(-11) is divided by 4?
2
Suppose 2*s - 7*s = -610. What is the remainder when 418 is divided by s?
52
Suppose 1 = 2*a + c, -2*a + c + c = 2. Suppose m - 15 - 4 = a. Suppose 3*t + g = -0*g + m, -31 = -5*t - 2*g. What is the remainder when t is divided by 5?
2
Let t = -13360 + 13604. Calculate the remainder when 1252 is divided by t.
32
Suppose 5*f - 7143 = -3*b - 1648, 0 = 2*b - 2*f - 3674. Suppose 0 = -4*r + 5*y + b, 2*y + 1376 = 3*r - 2*y. What is the remainder when r is divided by 58?
54
Let a(k) = -5*k + 7. Let h be a(0). Suppose -3*f + h*f + 116 = 0. Calculate the remainder when (-113)/(-2) - f/(-58) is divided by 15.
11
Let s = -16 + 21. Let j = 519 - 482. What is the remainder when (-10)/4*(-49 + s) is divided by j?
36
Suppose 363*a + 281 = 367*a + 5*d, 0 = a + 4*d - 84. Calculate the remainder when 373 is divided by a.
53
Suppose 392 = -89*z + 97*z. Let n(b) = b**2 + 6*b - 42. What is the remainder when z is divided by n(-11)?
10
Suppose 44*s - 47*s + 39 = 0. Suppose -10*r = -s*r. Suppose -5*m - t + 0*t + 36 = 0, m + 5*t + 12 = r. Calculate the remainder when 30 is divided by m.
6
Suppose -7*a = -13054 + 11535. Calculate the remainder when a is divided by 20.
17
Let n(s) = 3*s**2 - s - 276. Let f be n(15). Let i = f - 304. Calculate the remainder when 246 is divided by i.
6
Let l = 2379 + -2355. What is the remainder when 129 is divided by l?
9
Let c(l) = -8*l + 149. Let j(v) = 3*v**2 + 9*v - 16. Let f be j(2). Calculate the remainder when c(f) is divided by 23.
14
Let a = -245 + 345. Let t = a + -86. What is the remainder when 82 is divided by t?
12
Let p = 86 - 84. Suppose -p*y + 7*y = -4*r + 11, 0 = -3*r - 3. What is the remainder when 15 is divided by y?
0
Let k(l) = -40*l**2 - 199*l + 12. What is the remainder when 314 is divided by k(-5)?
6
Let s(o) = o**3 - 10*o**2 + 16*o - 6. Let u be s(7). Let p = -18 - u. Let k = -31 + 99. What is the remainder when k is divided by p?
22
Let t be -2 - (2541 + (2 - -2)). Let u be t/(-18) - 1*(-3)/(-6). Suppose 0 = 5*x + 15, 5*h - u = h - 5*x. What is the remainder when h is divided by 10?
9
Suppose -8*f + 7*f - 585 = -2*o, -o - 6*f = -325. Calculate the remainder when o is divided by 52.
35
Let k(u) = 32*u**2 + 7*u + 8. Let j = 150 + 4. Calculate the remainder when j is divided by k(-1).
22
Let h(p) = 2*p - 54. Let r be h(22). Calculate the remainder when (-532)/r + (-2)/10*1 is divided by 12.
5
Let z(b) = b**2 + 13*b + 13. Let t be -10*(0 - 4)*(-1)/5. Let l be z(t). What is the remainder when 100 is divided by 2/9 - 453/l?
15
Suppose -5*z + p + 28474 = 0, -p + 28492 = 5*z + p. Calculate the remainder when z is divided by 22.
20
Let b(i) = 2*i**3 - 3*i**2 + 2*i - 12. What is the remainder when 208 is divided by b(4)?
56
Let o(g) = -42*g + 167. Suppose -19 = -19*y - 19. Calculate the remainder when o(y) is divided by 42.
41
Let d be 1/3 + 104/12. Let z(i) = -6*i**2 + 7*i**2 - 9 - 8. What is the remainder when z(d) is divided by 22?
20
Let g(v) = 13*v**2 - 45*v - 48. Let c be g(13). Calculate the remainder when 181 is divided by 8*(c/(-16))/(-17).
43
Suppose 36*z - 10545 = 17*z. Let x = z + -546. Calculate the remainder when 55 is divided by x.
1
Let p(o) = -7*o - 35. Let b be (-2)/(-8) + 45/(-4). Calculate the remainder when p(b) is divided by ((-1)/(-3) - 0)*51.
8
Let k = 1 + 6. Let j be ((-28)/(-8))/k - 14/(-4). Let y(n) = 23*n - 9. What is the remainder when y(j) is divided by 28?
27
Suppose 0 = -5*s + 2*w - 6*w + 6, -5*s - 3*w + 7 = 0. Calculate the remainder when (-3)/27 + ((-2620)/(-45))/s is divided by 6.
5
Let o(b) = b**2 - 144*b + 1670. What is the remainder when 926 is divided by o(135)?
16
Let c(b) = -b**2 + 64*b - 949. Suppose -2*t = 3*t - 70. Let o = t + -5. Calculate the remainder when c(28) is divided by o.
5
Let h(x) = -245*x + 22059. Let k = 53 + -31. Calculate the remainder when k is divided by h(90).
4
Let w(k) be the first derivative of k**4/4 - 16*k**3/3 + 10*k**2 - 10*k - 5. Let x = 44 + -29. What is the remainder when w(x) is divided by 17?
14
Let s(d) = 13*d**2 + 50*d + 21. What is the remainder when 6924 is divided by s(-4)?
22
Let y = 619 + 147. What is the remainder when y is divided by 156?
142
Let b be (1 - 632) + -2*(-1)/2. Calculate the remainder when 5/((-25)/b) + -4 is divided by 63.
59
Suppose 4*d = h + 7, -2*d + 0*h + 21 = 3*h. Suppose d*r - 211 = 11. Calculate the remainder when r is divided by 25.
24
Calculate the remainder when ((-322)/(-115))/(4/10) + 4192 + -3 is divided by 28.
24
Let i(b) = 131*b - 8474. What is the remainder when 7091 is divid